{"id":722,"date":"2023-09-23T22:07:36","date_gmt":"2023-09-23T22:07:36","guid":{"rendered":"http:\/\/batisafe.group\/?page_id=722"},"modified":"2025-03-19T15:52:38","modified_gmt":"2025-03-19T15:52:38","slug":"strategies-dinvestissement","status":"publish","type":"page","link":"https:\/\/batisafe.group\/index.php\/strategies-dinvestissement\/","title":{"rendered":"Strat\u00e9gies d&rsquo;investissement"},"content":{"rendered":"\t\t<div data-elementor-type=\"wp-page\" data-elementor-id=\"722\" class=\"elementor elementor-722\" data-elementor-post-type=\"page\">\n\t\t\t\t<div class=\"elementor-element elementor-element-3b333bec e-flex e-con-boxed elementor-invisible e-con e-parent\" data-id=\"3b333bec\" data-element_type=\"container\" data-e-type=\"container\" id=\"invest\" data-settings=\"{&quot;animation&quot;:&quot;slideInUp&quot;,&quot;background_background&quot;:&quot;classic&quot;}\">\n\t\t\t\t\t<div class=\"e-con-inner\">\n\t\t<div class=\"elementor-element elementor-element-2bbe906f e-con-full e-flex e-con e-child\" data-id=\"2bbe906f\" data-element_type=\"container\" data-e-type=\"container\">\n\t\t\t\t<div class=\"elementor-element elementor-element-141f6e97 elementor-widget elementor-widget-heading\" data-id=\"141f6e97\" data-element_type=\"widget\" data-e-type=\"widget\" data-widget_type=\"heading.default\">\n\t\t\t\t<div class=\"elementor-widget-container\">\n\t\t\t\t\t<h2 class=\"elementor-heading-title elementor-size-default\">STRATEGIES<br>D\u2019INVESTISSEMENT<\/h2>\t\t\t\t<\/div>\n\t\t\t\t<\/div>\n\t\t\t\t<div class=\"elementor-element elementor-element-2ba0ee1a elementor-widget elementor-widget-text-editor\" data-id=\"2ba0ee1a\" data-element_type=\"widget\" data-e-type=\"widget\" data-widget_type=\"text-editor.default\">\n\t\t\t\t<div class=\"elementor-widget-container\">\n\t\t\t\t\t\t\t\t\tStrat\u00e9gies d\u2019investissements : Core, Core+, value added, opportuniste\u00a0 \t\t\t\t\t\t\t\t<\/div>\n\t\t\t\t<\/div>\n\t\t\t\t<div class=\"elementor-element elementor-element-3ad9825d elementor-widget elementor-widget-text-editor\" data-id=\"3ad9825d\" data-element_type=\"widget\" data-e-type=\"widget\" data-widget_type=\"text-editor.default\">\n\t\t\t\t<div class=\"elementor-widget-container\">\n\t\t\t\t\t\t\t\t\t<p><b><i>CORE<\/i><\/b><\/p><p>Commun\u00e9ment cette strat\u00e9gie vise des immeubles situ\u00e9s dans les meilleurs endroits &#8211; l\u00e0 o\u00f9 il existe une raret\u00e9 fonci\u00e8re (ex Paris QCA)- occup\u00e9s par des locataires de qualit\u00e9 sous forme de longs baux fermes et dans lesquels il n\u2019y a pas de travaux significatifs \u00e0 pr\u00e9voir. En p\u00e9riph\u00e9rie, ce sont des actifs certifi\u00e9s, restructur\u00e9s associ\u00e9s \u00e0 des baux beaucoup plus longs. \u00a0Les acquisitions r\u00e9alis\u00e9es dans ce cadre sont op\u00e9r\u00e9es dans une optique de long terme et t\u00e9moignent de la recherche d\u2019un rendement hyper s\u00e9curis\u00e9.<\/p><p><b><i>CORE +<\/i><\/b><\/p><p>Dans cette optique les investisseurs acceptent un rendement un peu moins s\u00e9curis\u00e9 en \u00e9change d\u2019une hausse potentielle de la valeur de leur immeuble. Bien situ\u00e9s et de bonne qualit\u00e9, les actifs concern\u00e9s peuvent faire l\u2019objet de petits travaux.<\/p><p><b><i>VALUE ADDED<\/i><\/b><\/p><p>Les investisseurs value added visent des biens sur lesquels il est possible de cr\u00e9er ou de recr\u00e9er de la valeur gr\u00e2ce \u00e0 une gestion dynamique. Sont favoris\u00e9s g\u00e9n\u00e9ralement des immeubles pr\u00e9sentant de la vacance ou une obsolescence technique n\u00e9cessitant des travaux. Plus risqu\u00e9s et moins on\u00e9reux que les actifs Core, ces biens permettent une fois leurs r\u00e9novations achev\u00e9es d\u2019obtenir \u00ab\u00a0un rendement global attractif constitu\u00e9 de distributions de revenus et d\u2019\u00e9valuation des actifs \u00bb. A moyen terme, les travaux engag\u00e9s permettront \u00e0 ces m\u00eames immeubles d\u2019entrer dans la cat\u00e9gorie Core + \u2026 voire core.<\/p><p><b><i>OPPORTUNISTE<\/i><\/b><\/p><p>Cette strat\u00e9gie vise \u00e0 d\u00e9celer et \u00e0 capitaliser sur des opportunit\u00e9s et des tendances de placements \u00e9mergents avant qu\u2019elles ne soient pleinement reconnues par le march\u00e9. Ce sont aussi des op\u00e9rations de promotion immobili\u00e8re en blanc (construction lanc\u00e9e sans location pr\u00e9alable) ou de tr\u00e8s lourdes restructurations. Le principe qui dirige ce type d\u2019acquisitions est de tirer le meilleur parti de l\u2019immeuble sachant que l\u2019investisseur est d\u2019accord pour prendre des \u00ab\u00a0risques significatifs en vue de r\u00e9aliser une profitabilit\u00e9 hors du commun\u00a0\u00bb.<\/p>\t\t\t\t\t\t\t\t<\/div>\n\t\t\t\t<\/div>\n\t\t\t\t<\/div>\n\t\t<div class=\"elementor-element elementor-element-42677ef9 e-con-full e-flex e-con e-child\" data-id=\"42677ef9\" data-element_type=\"container\" data-e-type=\"container\">\n\t\t\t\t<div class=\"elementor-element elementor-element-10913896 elementor-widget elementor-widget-image\" data-id=\"10913896\" data-element_type=\"widget\" data-e-type=\"widget\" data-widget_type=\"image.default\">\n\t\t\t\t<div class=\"elementor-widget-container\">\n\t\t\t\t\t\t\t\t\t\t\t\t\t\t\t<img fetchpriority=\"high\" decoding=\"async\" width=\"1200\" height=\"1800\" src=\"https:\/\/batisafe.group\/wp-content\/uploads\/2023\/09\/investissement.jpg\" class=\"attachment-full size-full wp-image-640\" alt=\"\" srcset=\"https:\/\/batisafe.group\/wp-content\/uploads\/2023\/09\/investissement.jpg 1200w, https:\/\/batisafe.group\/wp-content\/uploads\/2023\/09\/investissement-200x300.jpg 200w, https:\/\/batisafe.group\/wp-content\/uploads\/2023\/09\/investissement-683x1024.jpg 683w, https:\/\/batisafe.group\/wp-content\/uploads\/2023\/09\/investissement-768x1152.jpg 768w, https:\/\/batisafe.group\/wp-content\/uploads\/2023\/09\/investissement-1024x1536.jpg 1024w\" sizes=\"(max-width: 1200px) 100vw, 1200px\" \/>\t\t\t\t\t\t\t\t\t\t\t\t\t\t\t<\/div>\n\t\t\t\t<\/div>\n\t\t\t\t<\/div>\n\t\t\t\t\t<\/div>\n\t\t\t\t<\/div>\n\t\t<div class=\"elementor-element elementor-element-43d37084 e-flex e-con-boxed e-con e-parent\" data-id=\"43d37084\" data-element_type=\"container\" data-e-type=\"container\" id=\"metiers\" data-settings=\"{&quot;background_background&quot;:&quot;classic&quot;}\">\n\t\t\t\t\t<div class=\"e-con-inner\">\n\t\t<div class=\"elementor-element elementor-element-6a228693 e-con-full e-flex e-con e-child\" data-id=\"6a228693\" data-element_type=\"container\" data-e-type=\"container\">\n\t\t\t\t<div class=\"elementor-element elementor-element-4de04cce elementor-widget elementor-widget-heading\" data-id=\"4de04cce\" data-element_type=\"widget\" data-e-type=\"widget\" data-widget_type=\"heading.default\">\n\t\t\t\t<div class=\"elementor-widget-container\">\n\t\t\t\t\t<h2 class=\"elementor-heading-title elementor-size-default\">Nos <br>ACTUALIT\u00e9s<\/h2>\t\t\t\t<\/div>\n\t\t\t\t<\/div>\n\t\t\t\t<div class=\"elementor-element elementor-element-20d5a5d9 elementor-align-center elementor-widget elementor-widget-button\" data-id=\"20d5a5d9\" data-element_type=\"widget\" data-e-type=\"widget\" data-widget_type=\"button.default\">\n\t\t\t\t<div class=\"elementor-widget-container\">\n\t\t\t\t\t\t\t\t\t<div class=\"elementor-button-wrapper\">\n\t\t\t\t\t<a class=\"elementor-button elementor-button-link elementor-size-sm\" href=\"#\">\n\t\t\t\t\t\t<span class=\"elementor-button-content-wrapper\">\n\t\t\t\t\t\t<span class=\"elementor-button-icon\">\n\t\t\t\t<i aria-hidden=\"true\" class=\"fas fa-angle-right\"><\/i>\t\t\t<\/span>\n\t\t\t\t\t\t\t\t\t<span class=\"elementor-button-text\">Voir toutes nos actualit\u00e9s<\/span>\n\t\t\t\t\t<\/span>\n\t\t\t\t\t<\/a>\n\t\t\t\t<\/div>\n\t\t\t\t\t\t\t\t<\/div>\n\t\t\t\t<\/div>\n\t\t\t\t<div class=\"elementor-element elementor-element-430b74a2 elementor-grid-3 elementor-grid-tablet-2 elementor-grid-mobile-1 elementor-posts--thumbnail-top elementor-card-shadow-yes elementor-posts__hover-gradient elementor-widget elementor-widget-posts\" data-id=\"430b74a2\" data-element_type=\"widget\" data-e-type=\"widget\" data-settings=\"{&quot;cards_columns&quot;:&quot;3&quot;,&quot;cards_columns_tablet&quot;:&quot;2&quot;,&quot;cards_columns_mobile&quot;:&quot;1&quot;,&quot;cards_row_gap&quot;:{&quot;unit&quot;:&quot;px&quot;,&quot;size&quot;:35,&quot;sizes&quot;:[]},&quot;cards_row_gap_tablet&quot;:{&quot;unit&quot;:&quot;px&quot;,&quot;size&quot;:&quot;&quot;,&quot;sizes&quot;:[]},&quot;cards_row_gap_mobile&quot;:{&quot;unit&quot;:&quot;px&quot;,&quot;size&quot;:&quot;&quot;,&quot;sizes&quot;:[]}}\" data-widget_type=\"posts.cards\">\n\t\t\t\t<div class=\"elementor-widget-container\">\n\t\t\t\t\t\t\t<div class=\"elementor-posts-container elementor-posts elementor-posts--skin-cards elementor-grid\">\n\t\t\t\t<article class=\"elementor-post elementor-grid-item post-847 post type-post status-publish format-standard has-post-thumbnail hentry category-actualites\">\n\t\t\t<div class=\"elementor-post__card\">\n\t\t\t\t<a class=\"elementor-post__thumbnail__link\" href=\"https:\/\/batisafe.group\/index.php\/2023\/09\/24\/banque-privee-principe-interet-et-cout\/\" tabindex=\"-1\" ><div class=\"elementor-post__thumbnail\"><img decoding=\"async\" width=\"200\" height=\"300\" src=\"https:\/\/batisafe.group\/wp-content\/uploads\/2023\/09\/risque-200x300.jpg\" class=\"attachment-medium size-medium wp-image-633\" alt=\"\" srcset=\"https:\/\/batisafe.group\/wp-content\/uploads\/2023\/09\/risque-200x300.jpg 200w, https:\/\/batisafe.group\/wp-content\/uploads\/2023\/09\/risque-683x1024.jpg 683w, https:\/\/batisafe.group\/wp-content\/uploads\/2023\/09\/risque-768x1151.jpg 768w, https:\/\/batisafe.group\/wp-content\/uploads\/2023\/09\/risque-1025x1536.jpg 1025w, https:\/\/batisafe.group\/wp-content\/uploads\/2023\/09\/risque.jpg 1200w\" sizes=\"(max-width: 200px) 100vw, 200px\" \/><\/div><\/a>\n\t\t\t\t<div class=\"elementor-post__text\">\n\t\t\t\t<h3 class=\"elementor-post__title\">\n\t\t\t<a href=\"https:\/\/batisafe.group\/index.php\/2023\/09\/24\/banque-privee-principe-interet-et-cout\/\" >\n\t\t\t\tBanque priv\u00e9e : principe, int\u00e9r\u00eat et co\u00fbt\t\t\t<\/a>\n\t\t<\/h3>\n\t\t\n\t\t<a class=\"elementor-post__read-more\" href=\"https:\/\/batisafe.group\/index.php\/2023\/09\/24\/banque-privee-principe-interet-et-cout\/\" aria-label=\"Read more about Banque priv\u00e9e : principe, int\u00e9r\u00eat et co\u00fbt\" tabindex=\"-1\" >\n\t\t\tLire la suite \u00bb\t\t<\/a>\n\n\t\t\t\t<\/div>\n\t\t\t\t\t<\/div>\n\t\t<\/article>\n\t\t\t\t<article class=\"elementor-post elementor-grid-item post-843 post type-post status-publish format-standard has-post-thumbnail hentry category-actualites\">\n\t\t\t<div class=\"elementor-post__card\">\n\t\t\t\t<a class=\"elementor-post__thumbnail__link\" href=\"https:\/\/batisafe.group\/index.php\/2023\/09\/24\/private-equity-ou-club-deal-le-meilleur-du-non-cote\/\" tabindex=\"-1\" ><div class=\"elementor-post__thumbnail\"><img decoding=\"async\" width=\"300\" height=\"169\" src=\"https:\/\/batisafe.group\/wp-content\/uploads\/2023\/09\/0611701839998-web-tete-300x169.webp\" class=\"attachment-medium size-medium wp-image-845\" alt=\"\" srcset=\"https:\/\/batisafe.group\/wp-content\/uploads\/2023\/09\/0611701839998-web-tete-300x169.webp 300w, https:\/\/batisafe.group\/wp-content\/uploads\/2023\/09\/0611701839998-web-tete-1024x576.webp 1024w, https:\/\/batisafe.group\/wp-content\/uploads\/2023\/09\/0611701839998-web-tete-768x432.webp 768w, https:\/\/batisafe.group\/wp-content\/uploads\/2023\/09\/0611701839998-web-tete.webp 1280w\" sizes=\"(max-width: 300px) 100vw, 300px\" \/><\/div><\/a>\n\t\t\t\t<div class=\"elementor-post__text\">\n\t\t\t\t<h3 class=\"elementor-post__title\">\n\t\t\t<a href=\"https:\/\/batisafe.group\/index.php\/2023\/09\/24\/private-equity-ou-club-deal-le-meilleur-du-non-cote\/\" >\n\t\t\t\tPrivate equity ou club deal\u00a0: le meilleur du non-cot\u00e9\t\t\t<\/a>\n\t\t<\/h3>\n\t\t\n\t\t<a class=\"elementor-post__read-more\" href=\"https:\/\/batisafe.group\/index.php\/2023\/09\/24\/private-equity-ou-club-deal-le-meilleur-du-non-cote\/\" aria-label=\"Read more about Private equity ou club deal\u00a0: le meilleur du non-cot\u00e9\" tabindex=\"-1\" >\n\t\t\tLire la suite \u00bb\t\t<\/a>\n\n\t\t\t\t<\/div>\n\t\t\t\t\t<\/div>\n\t\t<\/article>\n\t\t\t\t<article class=\"elementor-post elementor-grid-item post-840 post type-post status-publish format-standard has-post-thumbnail hentry category-actualites\">\n\t\t\t<div class=\"elementor-post__card\">\n\t\t\t\t<a class=\"elementor-post__thumbnail__link\" href=\"https:\/\/batisafe.group\/index.php\/2023\/09\/24\/la-structuration-des-investissements-fonciers-via-le-luxembourg-est-elle-toujours-dactualite\/\" tabindex=\"-1\" ><div class=\"elementor-post__thumbnail\"><img loading=\"lazy\" decoding=\"async\" width=\"240\" height=\"300\" src=\"https:\/\/batisafe.group\/wp-content\/uploads\/2023\/09\/modern-business-building-scenery-touching-sky-240x300.jpg\" class=\"attachment-medium size-medium wp-image-624\" alt=\"\" srcset=\"https:\/\/batisafe.group\/wp-content\/uploads\/2023\/09\/modern-business-building-scenery-touching-sky-240x300.jpg 240w, https:\/\/batisafe.group\/wp-content\/uploads\/2023\/09\/modern-business-building-scenery-touching-sky-819x1024.jpg 819w, https:\/\/batisafe.group\/wp-content\/uploads\/2023\/09\/modern-business-building-scenery-touching-sky-768x960.jpg 768w, https:\/\/batisafe.group\/wp-content\/uploads\/2023\/09\/modern-business-building-scenery-touching-sky.jpg 1200w\" sizes=\"(max-width: 240px) 100vw, 240px\" \/><\/div><\/a>\n\t\t\t\t<div class=\"elementor-post__text\">\n\t\t\t\t<h3 class=\"elementor-post__title\">\n\t\t\t<a href=\"https:\/\/batisafe.group\/index.php\/2023\/09\/24\/la-structuration-des-investissements-fonciers-via-le-luxembourg-est-elle-toujours-dactualite\/\" >\n\t\t\t\tLa structuration des investissements fonciers via le Luxembourg est-elle toujours d\u2019actualit\u00e9\u00a0?\t\t\t<\/a>\n\t\t<\/h3>\n\t\t\n\t\t<a class=\"elementor-post__read-more\" href=\"https:\/\/batisafe.group\/index.php\/2023\/09\/24\/la-structuration-des-investissements-fonciers-via-le-luxembourg-est-elle-toujours-dactualite\/\" aria-label=\"Read more about La structuration des investissements fonciers via le Luxembourg est-elle toujours d\u2019actualit\u00e9\u00a0?\" tabindex=\"-1\" >\n\t\t\tLire la suite \u00bb\t\t<\/a>\n\n\t\t\t\t<\/div>\n\t\t\t\t\t<\/div>\n\t\t<\/article>\n\t\t\t\t<\/div>\n\t\t\n\t\t\t\t\t\t<\/div>\n\t\t\t\t<\/div>\n\t\t\t\t<\/div>\n\t\t\t\t\t<\/div>\n\t\t\t\t<\/div>\n\t\t<div class=\"elementor-element elementor-element-1265b9d8 e-flex e-con-boxed e-con e-parent\" data-id=\"1265b9d8\" data-element_type=\"container\" data-e-type=\"container\" id=\"metiers\" data-settings=\"{&quot;background_background&quot;:&quot;classic&quot;}\">\n\t\t\t\t\t<div class=\"e-con-inner\">\n\t\t<div class=\"elementor-element elementor-element-700029b2 e-con-full e-flex e-con e-child\" data-id=\"700029b2\" data-element_type=\"container\" data-e-type=\"container\">\n\t\t\t\t<div class=\"elementor-element elementor-element-3b1e2089 elementor-widget elementor-widget-heading\" data-id=\"3b1e2089\" data-element_type=\"widget\" data-e-type=\"widget\" data-widget_type=\"heading.default\">\n\t\t\t\t<div class=\"elementor-widget-container\">\n\t\t\t\t\t<h2 class=\"elementor-heading-title elementor-size-default\">Nous <br>Rejoindre<\/h2>\t\t\t\t<\/div>\n\t\t\t\t<\/div>\n\t\t\t\t<div class=\"elementor-element elementor-element-781a93a3 elementor-widget elementor-widget-text-editor\" data-id=\"781a93a3\" data-element_type=\"widget\" data-e-type=\"widget\" data-widget_type=\"text-editor.default\">\n\t\t\t\t<div class=\"elementor-widget-container\">\n\t\t\t\t\t\t\t\t\t<p>Vous souhaitez int\u00e9grer une soci\u00e9t\u00e9 \u00e0 taille humaine, aux comp\u00e9tences vari\u00e9es et pointues ?<\/p><p><strong>Bati Safe est faite pour vous.<\/strong><\/p>\t\t\t\t\t\t\t\t<\/div>\n\t\t\t\t<\/div>\n\t\t\t\t<div class=\"elementor-element elementor-element-1ea42e1d elementor-widget elementor-widget-text-editor\" data-id=\"1ea42e1d\" data-element_type=\"widget\" data-e-type=\"widget\" data-widget_type=\"text-editor.default\">\n\t\t\t\t<div class=\"elementor-widget-container\">\n\t\t\t\t\t\t\t\t\tAucun postes ouverts pour le moment\t\t\t\t\t\t\t\t<\/div>\n\t\t\t\t<\/div>\n\t\t\t\t<div class=\"elementor-element elementor-element-257ba613 elementor-align-center elementor-widget elementor-widget-button\" data-id=\"257ba613\" data-element_type=\"widget\" data-e-type=\"widget\" data-widget_type=\"button.default\">\n\t\t\t\t<div class=\"elementor-widget-container\">\n\t\t\t\t\t\t\t\t\t<div class=\"elementor-button-wrapper\">\n\t\t\t\t\t<a class=\"elementor-button elementor-button-link elementor-size-sm\" href=\"#contact\">\n\t\t\t\t\t\t<span class=\"elementor-button-content-wrapper\">\n\t\t\t\t\t\t<span class=\"elementor-button-icon\">\n\t\t\t\t<i aria-hidden=\"true\" class=\"fas fa-angle-right\"><\/i>\t\t\t<\/span>\n\t\t\t\t\t\t\t\t\t<span class=\"elementor-button-text\">Candidatez<\/span>\n\t\t\t\t\t<\/span>\n\t\t\t\t\t<\/a>\n\t\t\t\t<\/div>\n\t\t\t\t\t\t\t\t<\/div>\n\t\t\t\t<\/div>\n\t\t\t\t<\/div>\n\t\t\t\t\t<\/div>\n\t\t\t\t<\/div>\n\t\t<div class=\"elementor-element elementor-element-7d0f980b e-flex e-con-boxed elementor-invisible e-con e-parent\" data-id=\"7d0f980b\" data-element_type=\"container\" data-e-type=\"container\" id=\"contact\" data-settings=\"{&quot;animation&quot;:&quot;slideInUp&quot;,&quot;background_background&quot;:&quot;classic&quot;}\">\n\t\t\t\t\t<div class=\"e-con-inner\">\n\t\t<div class=\"elementor-element elementor-element-34df3825 e-con-full e-flex e-con e-child\" data-id=\"34df3825\" data-element_type=\"container\" data-e-type=\"container\">\n\t\t\t\t<div class=\"elementor-element elementor-element-74be0e2c elementor-widget elementor-widget-theme-site-logo elementor-widget-image\" data-id=\"74be0e2c\" data-element_type=\"widget\" data-e-type=\"widget\" data-widget_type=\"theme-site-logo.default\">\n\t\t\t\t<div class=\"elementor-widget-container\">\n\t\t\t\t\t\t\t\t\t\t\t<a href=\"https:\/\/batisafe.group\">\n\t\t\t<img loading=\"lazy\" decoding=\"async\" width=\"666\" height=\"242\" src=\"https:\/\/batisafe.group\/wp-content\/uploads\/2023\/06\/batisafe.webp\" class=\"attachment-full size-full wp-image-1108\" alt=\"\" srcset=\"https:\/\/batisafe.group\/wp-content\/uploads\/2023\/06\/batisafe.webp 666w, https:\/\/batisafe.group\/wp-content\/uploads\/2023\/06\/batisafe-300x109.webp 300w\" sizes=\"(max-width: 666px) 100vw, 666px\" \/>\t\t\t\t<\/a>\n\t\t\t\t\t\t\t\t\t\t\t<\/div>\n\t\t\t\t<\/div>\n\t\t\t\t<div class=\"elementor-element elementor-element-5938250e elementor-widget elementor-widget-heading\" data-id=\"5938250e\" data-element_type=\"widget\" data-e-type=\"widget\" data-widget_type=\"heading.default\">\n\t\t\t\t<div class=\"elementor-widget-container\">\n\t\t\t\t\t<h2 class=\"elementor-heading-title elementor-size-default\">Contactez-nous<\/h2>\t\t\t\t<\/div>\n\t\t\t\t<\/div>\n\t\t\t\t<div class=\"elementor-element elementor-element-7b134c2 elementor-icon-list--layout-traditional elementor-list-item-link-full_width elementor-widget elementor-widget-icon-list\" data-id=\"7b134c2\" data-element_type=\"widget\" data-e-type=\"widget\" data-widget_type=\"icon-list.default\">\n\t\t\t\t<div class=\"elementor-widget-container\">\n\t\t\t\t\t\t\t<ul class=\"elementor-icon-list-items\">\n\t\t\t\t\t\t\t<li class=\"elementor-icon-list-item\">\n\t\t\t\t\t\t\t\t\t\t\t<span class=\"elementor-icon-list-icon\">\n\t\t\t\t\t\t\t<i aria-hidden=\"true\" class=\"fas fa-map-marker-alt\"><\/i>\t\t\t\t\t\t<\/span>\n\t\t\t\t\t\t\t\t\t\t<span class=\"elementor-icon-list-text\">R\u00e9sidence la Bo\u00e9tie, 20137 Porto-Vecchio<\/span>\n\t\t\t\t\t\t\t\t\t<\/li>\n\t\t\t\t\t\t\t\t<li class=\"elementor-icon-list-item\">\n\t\t\t\t\t\t\t\t\t\t\t<span class=\"elementor-icon-list-icon\">\n\t\t\t\t\t\t\t<i aria-hidden=\"true\" class=\"fas fa-envelope\"><\/i>\t\t\t\t\t\t<\/span>\n\t\t\t\t\t\t\t\t\t\t<span class=\"elementor-icon-list-text\">bonjour@batisafe.group<\/span>\n\t\t\t\t\t\t\t\t\t<\/li>\n\t\t\t\t\t\t\t\t<li class=\"elementor-icon-list-item\">\n\t\t\t\t\t\t\t\t\t\t\t<span class=\"elementor-icon-list-icon\">\n\t\t\t\t\t\t\t<i aria-hidden=\"true\" class=\"fas fa-phone-alt\"><\/i>\t\t\t\t\t\t<\/span>\n\t\t\t\t\t\t\t\t\t\t<span class=\"elementor-icon-list-text\">06 71 84 27 46<\/span>\n\t\t\t\t\t\t\t\t\t<\/li>\n\t\t\t\t\t\t<\/ul>\n\t\t\t\t\t\t<\/div>\n\t\t\t\t<\/div>\n\t\t\t\t<\/div>\n\t\t<div class=\"elementor-element elementor-element-4c36b497 e-con-full e-flex e-con e-child\" data-id=\"4c36b497\" data-element_type=\"container\" data-e-type=\"container\">\n\t\t\t\t<div class=\"elementor-element elementor-element-6ad546f0 elementor-button-align-end elementor-widget elementor-widget-form\" data-id=\"6ad546f0\" data-element_type=\"widget\" data-e-type=\"widget\" data-settings=\"{&quot;step_next_label&quot;:&quot;Next&quot;,&quot;step_previous_label&quot;:&quot;Previous&quot;,&quot;button_width&quot;:&quot;100&quot;,&quot;step_type&quot;:&quot;number_text&quot;,&quot;step_icon_shape&quot;:&quot;circle&quot;}\" data-widget_type=\"form.default\">\n\t\t\t\t<div class=\"elementor-widget-container\">\n\t\t\t\t\t\t\t<form class=\"elementor-form\" method=\"post\" name=\"Formulaire de contact\">\n\t\t\t<input type=\"hidden\" name=\"post_id\" value=\"722\"\/>\n\t\t\t<input type=\"hidden\" name=\"form_id\" value=\"6ad546f0\"\/>\n\t\t\t<input type=\"hidden\" name=\"referer_title\" value=\"Strat\u00e9gies d&rsquo;investissement\" \/>\n\n\t\t\t\t\t\t\t<input type=\"hidden\" name=\"queried_id\" value=\"722\"\/>\n\t\t\t\n\t\t\t<div class=\"elementor-form-fields-wrapper elementor-labels-above\">\n\t\t\t\t\t\t\t\t<div class=\"elementor-field-type-text elementor-field-group elementor-column elementor-field-group-name elementor-col-100 elementor-field-required\">\n\t\t\t\t\t\t\t\t\t\t\t\t\t<input size=\"1\" type=\"text\" name=\"form_fields[name]\" id=\"form-field-name\" class=\"elementor-field elementor-size-sm  elementor-field-textual\" placeholder=\"Nom\" required=\"required\">\n\t\t\t\t\t\t\t\t\t\t\t<\/div>\n\t\t\t\t\t\t\t\t<div class=\"elementor-field-type-email elementor-field-group elementor-column elementor-field-group-email elementor-col-100 elementor-field-required\">\n\t\t\t\t\t\t\t\t\t\t\t\t\t<input size=\"1\" type=\"email\" name=\"form_fields[email]\" id=\"form-field-email\" class=\"elementor-field elementor-size-sm  elementor-field-textual\" placeholder=\"E-mail\" required=\"required\">\n\t\t\t\t\t\t\t\t\t\t\t<\/div>\n\t\t\t\t\t\t\t\t<div class=\"elementor-field-type-tel elementor-field-group elementor-column elementor-field-group-field_831fd85 elementor-col-100\">\n\t\t\t\t\t\t\t<input size=\"1\" type=\"tel\" name=\"form_fields[field_831fd85]\" id=\"form-field-field_831fd85\" class=\"elementor-field elementor-size-sm  elementor-field-textual\" placeholder=\"T\u00e9l\u00e9phone\" pattern=\"[0-9()#&amp;+*-=.]+\" title=\"Only numbers and phone characters (#, -, *, etc) are accepted.\">\n\n\t\t\t\t\t\t<\/div>\n\t\t\t\t\t\t\t\t<div class=\"elementor-field-type-textarea elementor-field-group elementor-column elementor-field-group-message elementor-col-100 elementor-field-required\">\n\t\t\t\t\t<textarea class=\"elementor-field-textual elementor-field  elementor-size-sm\" name=\"form_fields[message]\" id=\"form-field-message\" rows=\"4\" placeholder=\"\u00c9crivez votre message...\" required=\"required\"><\/textarea>\t\t\t\t<\/div>\n\t\t\t\t\t\t\t\t<div class=\"elementor-field-group elementor-column elementor-field-type-submit elementor-col-100 e-form__buttons\">\n\t\t\t\t\t<button class=\"elementor-button elementor-size-md elementor-animation-grow\" type=\"submit\">\n\t\t\t\t\t\t<span class=\"elementor-button-content-wrapper\">\n\t\t\t\t\t\t\t\t\t\t\t\t\t\t\t\t\t\t\t\t\t\t<span class=\"elementor-button-text\">Envoyez<\/span>\n\t\t\t\t\t\t\t\t\t\t\t\t\t<\/span>\n\t\t\t\t\t<\/button>\n\t\t\t\t<\/div>\n\t\t\t<\/div>\n\t\t<\/form>\n\t\t\t\t\t\t<\/div>\n\t\t\t\t<\/div>\n\t\t\t\t<\/div>\n\t\t\t\t\t<\/div>\n\t\t\t\t<\/div>\n\t\t\t\t<\/div>\n\t\t","protected":false},"excerpt":{"rendered":"<p>STRATEGIESD\u2019INVESTISSEMENT Strat\u00e9gies d\u2019investissements : Core, Core+, value added, opportuniste\u00a0 CORE Commun\u00e9ment cette strat\u00e9gie vise des immeubles situ\u00e9s dans les meilleurs endroits &#8211; l\u00e0 o\u00f9 il<\/p>\n","protected":false},"author":1,"featured_media":0,"parent":0,"menu_order":0,"comment_status":"closed","ping_status":"closed","template":"elementor_header_footer","meta":{"_seopress_robots_primary_cat":"","_seopress_titles_title":"","_seopress_titles_desc":"","_seopress_robots_index":"","footnotes":""},"class_list":["post-722","page","type-page","status-publish","hentry"],"_links":{"self":[{"href":"https:\/\/batisafe.group\/index.php\/wp-json\/wp\/v2\/pages\/722","targetHints":{"allow":["GET"]}}],"collection":[{"href":"https:\/\/batisafe.group\/index.php\/wp-json\/wp\/v2\/pages"}],"about":[{"href":"https:\/\/batisafe.group\/index.php\/wp-json\/wp\/v2\/types\/page"}],"author":[{"embeddable":true,"href":"https:\/\/batisafe.group\/index.php\/wp-json\/wp\/v2\/users\/1"}],"replies":[{"embeddable":true,"href":"https:\/\/batisafe.group\/index.php\/wp-json\/wp\/v2\/comments?post=722"}],"version-history":[{"count":22,"href":"https:\/\/batisafe.group\/index.php\/wp-json\/wp\/v2\/pages\/722\/revisions"}],"predecessor-version":[{"id":1105,"href":"https:\/\/batisafe.group\/index.php\/wp-json\/wp\/v2\/pages\/722\/revisions\/1105"}],"wp:attachment":[{"href":"https:\/\/batisafe.group\/index.php\/wp-json\/wp\/v2\/media?parent=722"}],"curies":[{"name":"wp","href":"https:\/\/api.w.org\/{rel}","templated":true}]}}